 prime factors of 10276038.
2, 3, 190297
What are the prime factors of 1526472?
2, 3, 37, 191
List the prime factors of 5357992.
2, 17, 39397
What are the prime factors of 7415531?
2281, 3251
What are the prime factors of 198420?
2, 3, 5, 3307
List the prime factors of 2196111.
3, 17, 149
List the prime factors of 1741989.
3, 580663
List the prime factors of 181490.
2, 5, 18149
List the prime factors of 628979.
13, 48383
What are the prime factors of 2805979?
11, 53, 4813
List the prime factors of 1294887.
3, 11, 39239
What are the prime factors of 1976769?
3, 239, 919
List the prime factors of 42587.
37, 1151
List the prime factors of 518450.
2, 5, 10369
What are the prime factors of 6320761?
827, 7643
List the prime factors of 312013.
13, 24001
List the prime factors of 168669.
3, 6247
List the prime factors of 19487.
13, 1499
List the prime factors of 759394.
2, 29, 13093
List the prime factors of 2483655.
3, 5, 23, 313
List the prime factors of 4026757.
7, 575251
What are the prime factors of 704073?
3, 37, 6343
What are the prime factors of 8370342?
2, 3, 465019
List the prime factors of 514216.
2, 17, 19, 199
What are the prime factors of 8468728?
2, 1058591
What are the prime factors of 759003?
3, 7, 47, 769
What are the prime factors of 29717?
29717
List the prime factors of 218217.
3, 72739
What are the prime factors of 4127809?
7, 61, 1381
List the prime factors of 346610.
2, 5, 11, 23, 137
List the prime factors of 183803.
41, 4483
What are the prime factors of 1335958?
2, 13, 51383
What are the prime factors of 378384?
2, 3, 7883
What are the prime factors of 250198?
2, 13, 9623
List the prime factors of 143532.
2, 3, 443
What are the prime factors of 2550249?
3, 13, 71, 307
What are the prime factors of 10542427?
7, 743, 2027
List the prime factors of 1285755.
3, 5, 85717
List the prime factors of 1399889.
53, 61, 433
List the prime factors of 2717348.
2, 17, 89, 449
What are the prime factors of 245179?
11, 31, 719
What are the prime factors of 9311445?
3, 5, 11, 13, 1447
What are the prime factors of 1611184?
2, 100699
List the prime factors of 5374305.
3, 5, 119429
What are the prime factors of 617195?
5, 123439
What are the prime factors of 254920?
2, 5, 6373
What are the prime factors of 491827?
7, 17, 4133
List the prime factors of 186275.
5, 7451
What are the prime factors of 311116?
2, 13, 31, 193
List the prime factors of 5764210.
2, 5, 576421
List the prime factors of 21479350.
2, 5, 429587
What are the prime factors of 2731115?
5, 83, 6581
What are the prime factors of 348246?
2, 3, 6449
List the prime factors of 18663088.
2, 883, 1321
What are the prime factors of 1385611?
281, 4931
What are the prime factors of 152879?
152879
List the prime factors of 5930769.
3, 13, 241, 631
What are the prime factors of 914590?
2, 5, 91459
What are the prime factors of 148692?
2, 3, 12391
What are the prime factors of 4549941?
3, 11, 45959
List the prime factors of 5966599.
5966599
What are the prime factors of 817454?
2, 11, 73, 509
List the prime factors of 12113795.
5, 2422759
What are the prime factors of 2117512?
2, 19, 13931
List the prime factors of 4160463.
3, 1386821
List the prime factors of 12121.
17, 23, 31
List the prime factors of 931529.
931529
What are the prime factors of 7530457?
11, 684587
List the prime factors of 917325.
3, 5, 151
What are the prime factors of 174060?
2, 3, 5, 967
List the prime factors of 3846104.
2, 47, 53, 193
List the prime factors of 407424.
2, 3, 1061
What are the prime factors of 966883?
966883
List the prime factors of 277296.
2, 3, 53, 109
What are the prime factors of 368191?
53, 6947
What are the prime factors of 863911?
19, 41, 1109
What are the prime factors of 488476?
2, 29, 4211
What are the prime factors of 4202842?
2, 7, 17, 17659
What are the prime factors of 6385198?
2, 3192599
What are the prime factors of 7304313?
3, 31, 78541
List the prime factors of 750215.
5, 19, 53, 149
What are the prime factors of 24171?
3, 7, 1151
What are the prime factors of 4123955?
5, 11, 97, 773
List the prime factors of 2968381.
13, 228337
What are the prime factors of 3524855?
5, 31, 22741
List the prime factors of 6858321.
3, 67, 149, 229
What are the prime factors of 576969?
3, 192323
List the prime factors of 37916.
2, 9479
What are the prime factors of 895331?
509, 1759
List the prime factors of 826924.
2, 7, 4219
What are the prime factors of 475078?
2, 29, 8191
What are the prime factors of 147339?
3, 17, 107
List the prime factors of 9702094.
2, 743, 6529
List the prime factors of 206576.
2, 12911
List the prime factors of 901961.
83, 10867
List the prime factors of 425281.
425281
What are the prime factors of 191302?
2, 95651
List the prime factors of 6746768.
2, 7, 59, 1021
List the prime factors of 7434.
2, 3, 7, 59
What are the prime factors of 20491346?
2, 109, 93997
What are the prime factors of 3055410?
2, 3, 5, 17, 1997
What are the prime factors of 779822?
2, 389911
What are the prime factors of 2250740?
2, 5, 19, 5923
What are the prime factors of 5319855?
3, 5, 118219
List the prime factors of 2337735.
3, 5, 155849
List the prime factors of 246000.
2, 3, 5, 41
What are the prime factors of 2355030?
2, 3, 5, 137, 191
List the prime factors of 214591.
13, 17, 971
What are the prime factors of 39959792?
2, 17, 107, 1373
What are the prime factors of 377106?
2, 3, 62851
List the prime factors of 67649.
61, 1109
List the prime factors of 234524.
2, 58631
List the prime factors of 83183.
193, 431
What are the prime factors of 412297?
71, 5807
What are the prime factors of 499042?
2, 249521
What are the prime factors of 30948637?
30948637
What are the prime factors of 23945975?
5, 257, 3727
List the prime factors of 13230206.
2, 11, 29, 89, 233
List the prime factors of 260213.
260213
List the prime factors of 189665.
5, 7, 5419
List the prime factors of 244254.
2, 3, 40709
What are the prime factors of 2383933?
2383933
What are the prime factors of 1520743?
7, 89, 2441
What are the prime factors of 980679?
3, 7, 17, 41, 67
What are the prime factors of 194329?
29, 6701
What are the prime factors of 42700?
2, 5, 7, 61
List the prime factors of 14557235.
5, 7, 11, 37811
List the prime factors of 317090.
2, 5, 37, 857
What are the prime factors of 56376?
2, 3, 29
What are the prime factors of 1722307?
1722307
List the prime factors of 76574.
2, 38287
List the prime factors of 290288.
2, 18143
List the prime factors of 23822322.
2, 3, 31, 211, 607
What are the prime factors of 1264603?
29, 43607
What are the prime factors of 4140476?
2, 479, 2161
List the prime factors of 4128289.
11, 59, 6361
What are the prime factors of 75614?
2, 7, 11, 491
List the prime factors of 160210.
2, 5, 37, 433
List the prime factors of 1340946.
2, 3, 23, 41, 79
List the prime factors of 2753211.
3, 917737
What are the prime factors of 311653?
311653
List the prime factors of 727435.
5, 145487
What are the prime factors of 18578547?
3, 13, 158791
List the prime factors of 2278468.
2, 569617
What are the prime factors of 1136049?
3, 378683
What are the prime factors of 263913?
3, 13, 67, 101
List the prime factors of 359218.
2, 293, 613
What are the prime factors of 6055447?
31, 229, 853
What are the prime factors of 22714473?
3, 7571491
What are the prime factors of 704770?
2, 5, 11, 43, 149
What are the prime factors of 30742818?
2, 3, 131, 39113
List the prime factors of 164751.
3, 54917
List the prime factors of 38854652.
2, 809, 12007
List the prime factors of 32090567.
907, 35381
List the prime factors of 129987.
3, 11, 13, 101
List the prime factors of 110741.
37, 41, 73
List the prime factors of 7926167.
67, 281, 421
List the prime factors of 41011.
41011
List the prime factors of 138091.
17, 8123
What are the prime factors of 19668729?
3, 6556243
What are the prime factors of 113905?
5, 11, 19, 109
List the prime factors of 216014.
2, 108007
What are the prime factors of 18037229?
7, 233, 11059
What are the prime factors of 24894639?
3, 7, 11, 35923
What are the prime factors of 1466672?
2, 31, 2957
What are the prime factors of 388711?
388711
What are the prime factors of 531161?
313, 1697
What are the prime factors of 161584?
2, 10099
List the prime factors of 1543723.
521, 2963
What are the